at is the tens digit of 326336?
3
What is the tens digit of 903066?
6
What is the units digit of 804482?
2
What is the millions digit of 23891888?
3
What is the hundreds digit of 1357590?
5
What is the thousands digit of 3071307?
1
What is the hundreds digit of 474510?
5
What is the thousands digit of 9813258?
3
What is the tens digit of 603160?
6
What is the ten thousands digit of 896833?
9
What is the hundreds digit of 153025?
0
What is the units digit of 323703?
3
What is the hundred thousands digit of 694137?
6
What is the millions digit of 1696353?
1
What is the ten millions digit of 11701830?
1
What is the millions digit of 29061365?
9
What is the tens digit of 657557?
5
What is the hundred thousands digit of 469852?
4
What is the hundred thousands digit of 5243838?
2
What is the hundreds digit of 945641?
6
What is the hundreds digit of 784036?
0
What is the hundred thousands digit of 706654?
7
What is the thousands digit of 2220370?
0
What is the ten millions digit of 11072742?
1
What is the ten thousands digit of 14439807?
3
What is the ten thousands digit of 636183?
3
What is the ten thousands digit of 532728?
3
What is the hundred thousands digit of 1618666?
6
What is the units digit of 4386700?
0
What is the thousands digit of 247546?
7
What is the tens digit of 2744158?
5
What is the hundred thousands digit of 194584?
1
What is the tens digit of 282067?
6
What is the tens digit of 848868?
6
What is the thousands digit of 544564?
4
What is the hundreds digit of 4907470?
4
What is the hundred thousands digit of 132050?
1
What is the millions digit of 6901221?
6
What is the hundreds digit of 14409733?
7
What is the thousands digit of 1758298?
8
What is the ten thousands digit of 70001?
7
What is the hundreds digit of 4186933?
9
What is the ten thousands digit of 11256068?
5
What is the hundreds digit of 2684480?
4
What is the ten millions digit of 28035794?
2
What is the ten thousands digit of 45277?
4
What is the hundreds digit of 5147377?
3
What is the units digit of 682870?
0
What is the ten thousands digit of 30237510?
3
What is the millions digit of 4780615?
4
What is the tens digit of 1410138?
3
What is the ten thousands digit of 326520?
2
What is the ten thousands digit of 164137?
6
What is the hundreds digit of 459514?
5
What is the ten thousands digit of 1034107?
3
What is the thousands digit of 282038?
2
What is the units digit of 269562?
2
What is the ten thousands digit of 20515?
2
What is the thousands digit of 589131?
9
What is the thousands digit of 67683?
7
What is the hundreds digit of 358?
3
What is the millions digit of 3087495?
3
What is the thousands digit of 8246836?
6
What is the millions digit of 3717669?
3
What is the millions digit of 2459349?
2
What is the units digit of 467734?
4
What is the hundred thousands digit of 1882920?
8
What is the hundreds digit of 1316970?
9
What is the thousands digit of 1036005?
6
What is the ten thousands digit of 175022?
7
What is the ten thousands digit of 1475658?
7
What is the units digit of 624485?
5
What is the thousands digit of 127191?
7
What is the millions digit of 4512901?
4
What is the thousands digit of 2558088?
8
What is the tens digit of 108821?
2
What is the ten thousands digit of 432660?
3
What is the hundred thousands digit of 543684?
5
What is the units digit of 85505?
5
What is the ten thousands digit of 152860?
5
What is the millions digit of 1215610?
1
What is the units digit of 422356?
6
What is the millions digit of 31915327?
1
What is the hundred thousands digit of 711477?
7
What is the ten thousands digit of 2543094?
4
What is the thousands digit of 3775750?
5
What is the tens digit of 253445?
4
What is the thousands digit of 64548?
4
What is the tens digit of 1669256?
5
What is the tens digit of 1856824?
2
What is the hundred thousands digit of 424550?
4
What is the hundreds digit of 239645?
6
What is the hundreds digit of 957722?
7
What is the units digit of 2427636?
6
What is the units digit of 94987?
7
What is the ten millions digit of 28186270?
2
What is the hundreds digit of 107828?
8
What is the tens digit of 2782640?
4
What is the tens digit of 33529?
2
What is the millions digit of 4634822?
4
What is the thousands digit of 509248?
9
What is the thousands digit of 285796?
5
What is the tens digit of 229906?
0
What is the hundred thousands digit of 2907131?
9
What is the hundreds digit of 208794?
7
What is the ten thousands digit of 361886?
6
What is the ten thousands digit of 6748602?
4
What is the units digit of 2576680?
0
What is the units digit of 907747?
7
What is the units digit of 72455?
5
What is the units digit of 1460733?
3
What is the ten thousands digit of 78405?
7
What is the hundred thousands digit of 1630334?
6
What is the hundred thousands digit of 9496703?
4
What is the millions digit of 2590082?
2
What is the ten thousands digit of 850550?
5
What is the hundreds digit of 525607?
6
What is the hundreds digit of 54395?
3
What is the thousands digit of 4266292?
6
What is the millions digit of 6273540?
6
What is the millions digit of 1923796?
1
What is the thousands digit of 1161596?
1
What is the thousands digit of 14744993?
4
What is the millions digit of 2050200?
2
What is the units digit of 400701?
1
What is the millions digit of 6940218?
6
What is the hundreds digit of 106387?
3
What is the thousands digit of 8900038?
0
What is the units digit of 31350?
0
What is the tens digit of 596077?
7
What is the thousands digit of 1418618?
8
What is the tens digit of 2307472?
7
What is the hundreds digit of 41172?
1
What is the hundreds digit of 11813?
8
What is the hundred thousands digit of 2332550?
3
What is the ten thousands digit of 257160?
5
What is the ten thousands digit of 39653?
3
What is the millions digit of 4426021?
4
What is the thousands digit of 3182329?
2
What is the hundreds digit of 1985398?
3
What is the ten thousands digit of 2076799?
7
What is the hundred thousands digit of 16323217?
3
What is the hundred thousands digit of 530609?
5
What is the hundred thousands digit of 2570539?
5
What is the millions digit of 6505714?
6
What is the tens digit of 658444?
4
What is the hundred thousands digit of 296391?
2
What is the hundred thousands digit of 1108013?
1
What is the thousands digit of 248408?
8
What is the ten thousands digit of 3393841?
9
What is the hundreds digit of 6034198?
1
What is the ten thousands digit of 268106?
6
What is the ten thousands digit of 78420?
7
What is the units digit of 15536574?
4
What is the units digit of 33228733?
3
What is the thousands digit of 190068?
0
What is the ten thousands digit of 793925?
9
What is the ten thousands digit of 8669027?
6
What is the hundreds digit of 27271694?
6
What is the tens digit of 3919042?
4
What is the millions digit of 7820839?
7
What is the thousands digit of 3407732?
7
What is the hundred thousands digit of 178697?
1
What is the ten thousands digit of 101764?
0
What is the thousands digit of 3286542?
6
What is the units digit of 4058668?
8
What is the tens digit of 12804223?
2
What is the ten thousands digit of 25366044?
6
What is the thousands digit of 4512798?
2
What is the millions digit of 24945552?
4
What is the thousands digit of 756650?
6
What is the units digit of 253566?
6
What is the tens digit of 1471056?
5
What is the hundred thousands digit of 7255798?
2
What is the ten thousands digit of 383468?
8
What is the hundreds digit of 766874?
8
What is the hundred thousands digit of 3860964?
8
What is the hundreds digit of 118998?
9
What is the tens digit of 8121929?
2
What is the hundred thousands digit of 411658?
4
What is the tens digit of 82616?
1
What is the units digit of 576783?
3
What is the hundred thousands digit of 138642?
1
What is the ten thousands digit of 721591?
2
What is the ten thousands digit of 2134149?
3
What is the thousands digit of 24077896?
7
What is the hundreds digit of 4076257?
2
What is the millions digit of 1021339?
1
What is the thousands digit of 1232633?
2
What is the ten thousands digit of 2056216?
5
What is the ten millions digit of 12524113?
1
What is the units digit of 789431?
1
What is the hundred thousands digit of 601940?
6
What is the units digit of 7606683?
3
What is the hundreds digit of 694364?
3